when 41 is divided by v.
13
Let s(g) = 0*g + 4*g - 4*g + 8*g - 26. Calculate the remainder when 151 is divided by s(8).
37
Let c(s) = 73*s**2 - 5*s - 20. What is the remainder when c(-2) is divided by 19?
16
Let h(c) = 209*c - 608. Suppose -5*x = -2*r, 2*x - 5*r = 5*x - 31. Suppose 4*g - 22 = -x*w, g - 12 = -g - 2*w. What is the remainder when h(3) is divided by g?
4
Calculate the remainder when 1974 is divided by ((-5)/2)/(-5 + (-49)/(-10)).
24
Suppose -15*x = -14*x + 741. Suppose 5*r - 15 - 10 = 0. Calculate the remainder when 4/(-6)*x/26 is divided by r.
4
What is the remainder when ((-388)/(-36) - 11) + (-814)/(-18) is divided by 23?
22
Let b(t) be the third derivative of -t**4/8 + 41*t**3/6 - 12*t**2. Calculate the remainder when b(0) is divided by 11.
8
Suppose -5*g + 4*w + 611 = 0, 0 = 2*g - 7*w + 8*w - 247. Calculate the remainder when g is divided by 31.
30
Suppose -4*s + 167 + 206 = -5*r, 5*s + 2*r = 425. Calculate the remainder when s is divided by 8.
7
Let p(q) be the first derivative of q**4/4 - 2*q**3/3 + 10*q - 20. Calculate the remainder when p(5) is divided by 22.
19
Let a = -325 - -432. What is the remainder when 317 is divided by a?
103
Let j be (-6 - 928/(-36)) + (-2)/(-9). Calculate the remainder when 11 is divided by (-21 - -20)/(2/(j/(-2))).
1
Let d(p) = 28*p**2 - 8*p + 8. What is the remainder when d(2) is divided by 27?
23
Suppose 11*a = 6*a + 845. Suppose 0 = -4*u - q + 217, -q - a = -3*u - 3*q. Calculate the remainder when u is divided by 18.
17
Suppose -2*u + 5*i + 8 = -6, -27 = 5*u + 3*i. What is the remainder when 234*u*(-2)/12 is divided by 30?
27
What is the remainder when 21 + (4/(-1))/(-2) is divided by (-2)/11 - (-668)/44?
8
Suppose 0 = 5*t + 25, 8*m - 5*m - 300 = -3*t. Calculate the remainder when m is divided by 26.
1
Let o = -620 + 709. What is the remainder when o is divided by 30?
29
Let u = 15 - -29. Let p = 419 - 338. Calculate the remainder when p is divided by u.
37
Calculate the remainder when 88 is divided by ((-27)/(-63) + 8/14)*15.
13
Let s(n) = 51*n**3 - 2*n. Suppose -5*c + 3*l + 63 = -16, -3*l = -2*c + 28. Calculate the remainder when s(1) is divided by c.
15
Suppose -8*g = 187 - 555. Calculate the remainder when g is divided by 10.
6
Let l = 117 + -89. Calculate the remainder when 106 is divided by l.
22
Suppose -5*n - 4*z = 17 - 233, 3*z = 5*n - 223. Calculate the remainder when 215 is divided by n.
39
Let w(m) = 12*m + 11. Let x be w(9). Let p(a) = -a**2 + 3*a - 2. Let f be p(-7). Let k = f + x. Calculate the remainder when k is divided by 25.
22
Suppose 91 = 5*f + 4*a, -a - 53 + 14 = -2*f. Let p be (1 - 0) + 5 + -1 - 0. Calculate the remainder when 4/10 + 178*p/25 is divided by f.
17
Calculate the remainder when (-2)/(-8) + 45126/552 is divided by 30.
22
Suppose -19*b + 207 = -10*b. Let d(x) = -x**2 + 25*x - 33. Calculate the remainder when 38 is divided by d(b).
12
Let d(h) = -h**2 - 14*h - 22. Let o(g) = 2*g. Let f be o(2). Let q = -1 + f. Calculate the remainder when d(-11) is divided by q.
2
Let h(v) = -22*v - 132. Let m(p) = -9*p - 53. Let y(x) = -5*h(x) + 12*m(x). What is the remainder when y(0) is divided by 13?
11
Suppose -23*l + 351 + 661 = 0. Calculate the remainder when 94 is divided by l.
6
Let u(c) = 39*c - 117. What is the remainder when 101 is divided by u(4)?
23
Suppose 0 = 3*h + 6, 5*h + 40 - 18 = 3*v. Let j be (2/8 + 3)*v. Let u = 32 - j. What is the remainder when 75 is divided by u?
18
Let p(h) = -h**2 - 12*h + 2. Calculate the remainder when 48 is divided by p(-11).
9
Suppose -4*j - 1 = -9. Suppose 3*u - 11 = -3*k + 2*k, -5*u + 22 = -j*k. Calculate the remainder when 44 is divided by (k - -6)*(-72)/(-30).
8
Let w = 0 + 5. Calculate the remainder when (6/w)/(3/70) is divided by 13 + (3/(-5))/(24/(-120)).
12
Suppose -23 = -y + 3*a + 11, 5*y = 3*a + 194. Suppose 2*l = -2*l + 5*d + 323, -l + 89 = -4*d. Calculate the remainder when l is divided by y.
37
Let q be 35/(-4) + 21/28. Let y(f) = -f**3 - 10*f**2 - 17*f - 5. Suppose 4*m = -r + 46, -2*m + 3*r = -12 - 4. Calculate the remainder when m is divided by y(q).
2
Let u = 671 + -602. What is the remainder when u is divided by 40?
29
Suppose -3*o - 5*y + 14 = -6*o, 5*o + 3*y - 22 = 0. Suppose -4*m - 3*p + 0*p + 80 = 0, 0 = o*m + p - 40. What is the remainder when 97 is divided by m?
17
Let m = -120 - -168. Suppose -5*a - 13 = -m. Calculate the remainder when 18 - 0/(1 - -1) is divided by a.
4
Let d = 57 - 42. Calculate the remainder when 80 is divided by d.
5
Let a be (-76)/(-32)*2*4. Let r = -13 + a. What is the remainder when (-652)/(-14) - r/(-14) is divided by 10?
7
Let l = -1007 + 1846. Calculate the remainder when l is divided by 40.
39
Let d = 54 - 118. Let p = 149 + d. Calculate the remainder when p is divided by 44.
41
What is the remainder when (320*-1)/(24/(-12)) is divided by 27?
25
Let l = 355 + -335. Suppose 0 = 2*z - 3*z + 78. What is the remainder when z is divided by l?
18
Suppose c + 5*s - 353 + 141 = 0, 5*c = -s + 1012. Calculate the remainder when c is divided by 5.
2
Suppose -111 + 77 = 2*a. Let q(j) = -j**3 - 16*j**2 + 13*j + 28. What is the remainder when q(a) is divided by 25?
21
Let b(h) = -103*h**3 + h**2 - 2*h - 2. Suppose 3*w = -2*w + 105. Calculate the remainder when b(-1) is divided by w.
20
Suppose -16*y + 0*y + 112 = 0. What is the remainder when 223 is divided by y?
6
Suppose 2*x = -4*l + 2 - 6, -4*x + 4*l = -40. Suppose -x*v = 6*v - 60. Calculate the remainder when 8 is divided by v.
3
Let l be 2 + (-12)/3 - -2. Suppose -3*t + l = -9. Suppose -t*z + 56 = -7. What is the remainder when z is divided by 6?
3
Let d(f) = 9*f**2 - 54*f - 6. What is the remainder when d(8) is divided by 73?
65
Let z be (0 - 39/(-2)) + (-1)/(-2). Let i = z + -15. Calculate the remainder when 9 is divided by i.
4
Let c be 3/(-3*2/30). Let w = 32 + c. What is the remainder when w is divided by 9?
8
Let a be 2/9 + 1659/189. Calculate the remainder when 70 is divided by a/(108/(-8))*-36.
22
Suppose 8*n - 9*n + 39 = 0. What is the remainder when n is divided by 21?
18
Suppose 9*q = -5 - 4. Let b be (-8)/16*(-61 - q). Let y = 48 - b. What is the remainder when y is divided by 10?
8
Suppose -2*m + 8 = 0, 3*m - 4 = 4*n - 2*n. Suppose -u + 191 = 3*f, 0 = n*f + 3*u - 43 - 220. Calculate the remainder when f is divided by 16.
14
Suppose -7*v + 91 = -0*v. Suppose -3*d = -4*c - 0*d + 19, 3*d - 13 = -4*c. What is the remainder when v is divided by c?
1
Suppose 5*q = t + 19, -4*t + 11 = 3*q + 18. Suppose q*d = -4*s + 57, 0 = -5*s + 5*d + 72 - 27. What is the remainder when 119 is divided by s?
11
Suppose 0 = -4*q - 4*a + 568, 0 = -37*q + 34*q - 4*a + 429. Calculate the remainder when q is divided by 21.
13
Suppose -y + 0 = -50. Let c = 2 + y. Suppose 4*x = -5*j - x + 75, 0 = -4*j - 2*x + c. What is the remainder when j is divided by 7?
4
Suppose -f = -3*g - 0*f + 111, -2*f = -5*g + 184. Let q(j) = -14*j + 60. What is the remainder when q(-1) is divided by g?
36
Calculate the remainder when 4/(-18) - 745*(-56)/630 is divided by 25.
16
Suppose 0 = g - 32 + 87. Let k = 73 + g. Let z = -2 + 9. Calculate the remainder when k is divided by z.
4
Let x be (16/20)/((-2)/5). Let y = 5 + x. Let i = 17 - 9. What is the remainder when i is divided by y?
2
Let x = -1739 + 1798. What is the remainder when 203 is divided by x?
26
Let l = 6 + -2. Let o = 12 + -10. Calculate the remainder when ((-45)/(-6) - o)*2 is divided by l.
3
Suppose 4*a - 377 = 3*y, 4*y + 2*a + 505 = 5*a. Let r = -104 - y. Calculate the remainder when 39 is divided by r.
16
Let v be (-10)/(3/(-33) + 0). Let r = -1 + v. Calculate the remainder when r is divided by 28.
25
What is the remainder when 137 is divided by 23/((65/10 - 5)/3)?
45
Let p = -202 - -206. What is the remainder when 39 is divided by p?
3
Suppose 0 = -29*o + 16*o + 3016. What is the remainder when o is divided by 47?
44
Suppose -4*p = c - 49, 2*p = -2*c - 0*p + 86. What is the remainder when c is divided by 2?
1
Suppose 0 = 777*y - 781*y + 844. What is the remainder when y is divided by 77?
57
Let g(d) = -3*d - 6. Let q be g(-3). Let s = 5 - q. Calculate the remainder when 11 is divided by s.
1
Let g(a) = -a**3 + 14*a**2 + 14*a + 32. Let m be g(15). Suppose 12*o - 149 = -m. Calculate the remainder when 40 